actor of 9870 and 40467?
987
Calculate the greatest common factor of 1302 and 1170501472.
434
Calculate the highest common divisor of 66080 and 39825.
295
Calculate the highest common factor of 2767 and 296652837.
2767
Calculate the greatest common factor of 61302 and 698598.
102
What is the highest common factor of 16134045 and 1172?
293
What is the highest common divisor of 12010 and 428750995?
6005
Calculate the greatest common divisor of 201 and 1192299.
3
What is the greatest common factor of 1327773 and 8137?
103
Calculate the highest common divisor of 1034880 and 94200.
120
Calculate the greatest common factor of 506634 and 74256.
102
What is the greatest common factor of 984390 and 136590?
4710
Calculate the greatest common factor of 3462 and 7490614.
1154
Calculate the highest common divisor of 1342 and 114884.
22
What is the greatest common divisor of 2202837 and 3003?
273
What is the greatest common factor of 1124294507 and 3206?
1603
What is the highest common factor of 52 and 119703844?
52
What is the greatest common divisor of 15428 and 237104?
812
Calculate the greatest common factor of 65 and 1631845.
5
Calculate the highest common factor of 117434 and 292758.
1654
What is the highest common divisor of 7955 and 105565?
215
Calculate the highest common factor of 5809813 and 577.
577
Calculate the highest common divisor of 873 and 553007379.
291
Calculate the highest common divisor of 42062016 and 23214.
438
What is the highest common factor of 13775 and 373027?
551
Calculate the greatest common divisor of 134220286 and 4.
2
Calculate the greatest common factor of 6729 and 260161084.
2243
What is the greatest common factor of 181777242 and 659?
659
Calculate the highest common factor of 1395726 and 102.
6
Calculate the greatest common factor of 47843381 and 313590.
10453
Calculate the greatest common divisor of 3160 and 958285010.
790
Calculate the greatest common divisor of 9592 and 2794978.
218
What is the highest common factor of 160 and 329020?
20
What is the highest common factor of 2177184 and 96?
96
What is the greatest common divisor of 2366971 and 328?
41
What is the highest common factor of 712360 and 30?
10
Calculate the highest common divisor of 508479315 and 30.
15
Calculate the greatest common factor of 33237 and 2916239.
1231
What is the highest common divisor of 9491271 and 177?
177
What is the greatest common divisor of 38962626 and 11526?
678
What is the greatest common factor of 2173 and 267707081?
2173
What is the highest common factor of 1687 and 420378469?
1687
What is the highest common factor of 34916 and 87205204?
4988
Calculate the greatest common factor of 27018 and 1466118.
18
What is the highest common divisor of 85772434 and 22?
22
What is the highest common factor of 256423104 and 3451?
3451
What is the greatest common divisor of 4046505 and 179561?
851
Calculate the greatest common factor of 2221877 and 574.
7
Calculate the greatest common divisor of 5398974 and 10017.
189
Calculate the highest common divisor of 280 and 12910296.
56
What is the highest common factor of 351897 and 84?
21
Calculate the highest common divisor of 1225882 and 1857688.
686
Calculate the highest common factor of 289136 and 21760.
272
What is the highest common divisor of 834 and 148469514?
834
What is the greatest common factor of 17864 and 3052280?
616
Calculate the greatest common factor of 415563 and 8733.
213
Calculate the greatest common divisor of 673341524 and 164.
164
Calculate the greatest common factor of 48826377 and 18.
9
Calculate the greatest common factor of 134726770 and 6810.
2270
What is the highest common factor of 122495225 and 75?
25
What is the greatest common divisor of 4585 and 1357613915?
4585
What is the greatest common factor of 4172905 and 201960?
935
What is the highest common divisor of 388261 and 463307?
157
What is the highest common divisor of 17996 and 19492?
44
Calculate the greatest common factor of 299 and 230023313.
13
Calculate the highest common divisor of 228 and 8780622.
114
What is the greatest common factor of 1624925 and 25?
25
What is the highest common divisor of 165 and 114970845?
165
What is the greatest common factor of 2640 and 272352?
48
What is the greatest common divisor of 4144040 and 194964?
844
What is the highest common divisor of 6420 and 118715?
5
Calculate the highest common factor of 549 and 145131993.
549
What is the highest common divisor of 13119351 and 2331?
21
Calculate the highest common divisor of 741011060 and 2260.
2260
Calculate the greatest common divisor of 1093380534 and 612.
306
Calculate the highest common factor of 315143 and 4147.
29
What is the greatest common factor of 4810 and 3313180?
130
Calculate the greatest common factor of 1570102 and 86.
86
Calculate the highest common divisor of 60091378 and 1388.
694
What is the highest common factor of 52492 and 20130?
22
Calculate the highest common factor of 1760 and 6601870.
110
What is the greatest common divisor of 272635 and 112090?
55
Calculate the greatest common factor of 36268037 and 52.
13
Calculate the highest common divisor of 252 and 387093.
21
What is the greatest common factor of 288694 and 2975?
119
What is the greatest common divisor of 600900 and 100?
100
What is the highest common divisor of 11639 and 5906171?
113
Calculate the highest common divisor of 455 and 4433390.
65
Calculate the highest common divisor of 1848 and 1328111400.
1848
What is the greatest common divisor of 33124 and 44923788?
2548
What is the greatest common divisor of 235 and 13349410?
235
Calculate the greatest common divisor of 31 and 428731364.
31
Calculate the greatest common factor of 628398 and 62926.
862
Calculate the highest common divisor of 16 and 288320008.
8
What is the greatest common divisor of 61019 and 245592?
379
What is the greatest common divisor of 81670035 and 59589?
6621
Calculate the greatest common factor of 406000 and 3563056.
3248
Calculate the greatest common divisor of 942 and 10583056.
314
What is the greatest common factor of 1165450 and 10450?
550
Calculate the greatest common factor of 11180 and 433600.
20
Calculate the highest common divisor of 9063 and 5625729.
171
What is the greatest common divisor of 559 and 122292?
43
Calculate the highest common factor of 2100412 and 689852.
2204
Calculate the greatest common divisor of 2159344 and 6512.
176
What is the greatest common divisor of 12840 and 335130?
30
Calculate the greatest common factor of 1148 and 3227588.
28
What is the greatest common factor of 516417 and 1749?
33
Calculate the greatest common divisor of 130720 and 879565.
215
Calculate the greatest common factor of 324 and 26699940.
36
What is the greatest common divisor of 1338 and 5779937?
223
What is the highest common factor of 560772989 and 28?
7
What is the highest common divisor of 411008570 and 196?
98
What is the highest common divisor of 174 and 11975298?
6
Calculate the greatest common divisor of 596004 and 300.
12
Calculate the greatest common factor of 17227299 and 552.
69
What is the highest common divisor of 2380 and 7821100?
140
What is the greatest common factor of 291 and 43540487?
97
Calculate the greatest common factor of 18315576 and 8.
8
Calculate the greatest common factor of 43239 and 4690189.
497
What is the greatest common divisor of 70 and 40327945?
35
Calculate the highest common divisor of 396325 and 52705.
415
What is the greatest common divisor of 38192 and 119002800?
3472
Calculate the highest common factor of 47913614 and 28.
14
What is the highest common factor of 8759 and 256593522?
461
What is the highest common divisor of 29 and 52134779?
29
What is the greatest common factor of 570392960 and 3200?
640
What is the highest common factor of 214178150 and 23630?
1390
Calculate the highest common factor of 66600 and 1776600.
1800
Calculate the highest common divisor of 596206 and 988.
26
What is the highest common divisor of 94079364 and 1392?
348
What is the highest common factor of 45125 and 7901625?
2375
What is the greatest common divisor of 47334 and 18386172?
2058
What is the highest common divisor of 761213 and 5?
1
What is the greatest common divisor of 1764 and 54860400?
1764
What is the highest common divisor of 2784 a